{"id":98,"date":"2016-04-06T04:58:15","date_gmt":"2016-04-06T04:58:15","guid":{"rendered":"http:\/\/localhost:8888\/botanik\/?post_type=product&#038;p=98"},"modified":"2021-01-13T14:51:35","modified_gmt":"2021-01-13T14:51:35","slug":"aromatizador-maca-com-canela","status":"publish","type":"product","link":"https:\/\/botanik.com.br\/site\/?product=aromatizador-maca-com-canela","title":{"rendered":"Aromatizador Spray Ma\u00e7\u00e3 com Canela 120 ml"},"content":{"rendered":"<p>Uma combina\u00e7\u00e3o quente e impressionante de especiarias como Canela,<br \/>\nCravo, Musk e flores d\u00e3o origem a um perfume ex\u00f3tico e marcante, cheio<br \/>\nde glamour. Excelente para neutralizar aromas indesej\u00e1veis, com efeito<br \/>\nestimulante e energizante. (Spicy)<\/p>\n","protected":false},"excerpt":{"rendered":"<p>Uma combina\u00e7\u00e3o quente e impressionante de especiarias como Canela, Cravo, Musk e flores d\u00e3o origem a um perfume ex\u00f3tico e marcante, cheio de glamour. Excelente para neutralizar aromas indesej\u00e1veis, com efeito estimulante e energizante. (Spicy)<\/p>\n","protected":false},"featured_media":834,"template":"","meta":[],"_links":{"self":[{"href":"https:\/\/botanik.com.br\/site\/index.php?rest_route=\/wp\/v2\/product\/98"}],"collection":[{"href":"https:\/\/botanik.com.br\/site\/index.php?rest_route=\/wp\/v2\/product"}],"about":[{"href":"https:\/\/botanik.com.br\/site\/index.php?rest_route=\/wp\/v2\/types\/product"}],"wp:featuredmedia":[{"embeddable":true,"href":"https:\/\/botanik.com.br\/site\/index.php?rest_route=\/wp\/v2\/media\/834"}],"wp:attachment":[{"href":"https:\/\/botanik.com.br\/site\/index.php?rest_route=%2Fwp%2Fv2%2Fmedia&parent=98"}],"curies":[{"name":"wp","href":"https:\/\/api.w.org\/{rel}","templated":true}]}}