{"id":889,"date":"2016-11-25T03:07:23","date_gmt":"2016-11-25T03:07:23","guid":{"rendered":"http:\/\/botanik.com.br\/site\/?post_type=product&#038;p=889"},"modified":"2021-01-13T14:54:19","modified_gmt":"2021-01-13T14:54:19","slug":"difusor-de-varetas-flor-de-figueira","status":"publish","type":"product","link":"https:\/\/botanik.com.br\/site\/?product=difusor-de-varetas-flor-de-figueira","title":{"rendered":"Difusor de Varetas Flor de Figueira 350ml"},"content":{"rendered":"<p>Pra quem desfila suavidade e frescor, nada melhor que notas de<br \/>\nRosa, Jasmim, Lavanda e Menta. Traz ao ambiente renova\u00e7\u00e3o,<br \/>\nauto confian\u00e7a e relaxamento. (Floral Fresh)<\/p>\n","protected":false},"excerpt":{"rendered":"<p>Pra quem desfila suavidade e frescor, nada melhor que notas de Rosa, Jasmim, Lavanda e Menta. Traz ao ambiente renova\u00e7\u00e3o, auto confian\u00e7a e relaxamento. (Floral Fresh)<\/p>\n","protected":false},"featured_media":872,"template":"","meta":[],"_links":{"self":[{"href":"https:\/\/botanik.com.br\/site\/index.php?rest_route=\/wp\/v2\/product\/889"}],"collection":[{"href":"https:\/\/botanik.com.br\/site\/index.php?rest_route=\/wp\/v2\/product"}],"about":[{"href":"https:\/\/botanik.com.br\/site\/index.php?rest_route=\/wp\/v2\/types\/product"}],"wp:featuredmedia":[{"embeddable":true,"href":"https:\/\/botanik.com.br\/site\/index.php?rest_route=\/wp\/v2\/media\/872"}],"wp:attachment":[{"href":"https:\/\/botanik.com.br\/site\/index.php?rest_route=%2Fwp%2Fv2%2Fmedia&parent=889"}],"curies":[{"name":"wp","href":"https:\/\/api.w.org\/{rel}","templated":true}]}}