{"id":83,"date":"2016-04-06T04:41:50","date_gmt":"2016-04-06T04:41:50","guid":{"rendered":"http:\/\/localhost:8888\/botanik\/?post_type=product&#038;p=83"},"modified":"2021-01-13T14:51:37","modified_gmt":"2021-01-13T14:51:37","slug":"aromatizador-alecrim","status":"publish","type":"product","link":"https:\/\/botanik.com.br\/site\/?product=aromatizador-alecrim","title":{"rendered":"Aromatizador Spray Alecrim 120ml"},"content":{"rendered":"<p>Equil\u00edbrio de acordes florais verdes com Bergamota, Jasmim, Alecrim,<br \/>\nL\u00edrio do Vale e S\u00e2ndalo que se misturam transmitindo frescor,<br \/>\nleveza e alegria, al\u00e9m de ser estimulante e energizante, criando uma<br \/>\natmosfera de limpeza e expans\u00e3o. (Herbal Floral)<\/p>\n","protected":false},"excerpt":{"rendered":"<p>Equil\u00edbrio de acordes florais verdes com Bergamota, Jasmim, Alecrim, L\u00edrio do Vale e S\u00e2ndalo que se misturam transmitindo frescor, leveza e alegria, al\u00e9m de ser estimulante e energizante, criando uma atmosfera de limpeza e expans\u00e3o. (Herbal Floral)<\/p>\n","protected":false},"featured_media":814,"template":"","meta":[],"_links":{"self":[{"href":"https:\/\/botanik.com.br\/site\/index.php?rest_route=\/wp\/v2\/product\/83"}],"collection":[{"href":"https:\/\/botanik.com.br\/site\/index.php?rest_route=\/wp\/v2\/product"}],"about":[{"href":"https:\/\/botanik.com.br\/site\/index.php?rest_route=\/wp\/v2\/types\/product"}],"wp:featuredmedia":[{"embeddable":true,"href":"https:\/\/botanik.com.br\/site\/index.php?rest_route=\/wp\/v2\/media\/814"}],"wp:attachment":[{"href":"https:\/\/botanik.com.br\/site\/index.php?rest_route=%2Fwp%2Fv2%2Fmedia&parent=83"}],"curies":[{"name":"wp","href":"https:\/\/api.w.org\/{rel}","templated":true}]}}