{"id":1657,"date":"2017-05-17T16:23:38","date_gmt":"2017-05-17T16:23:38","guid":{"rendered":"http:\/\/botanik.com.br\/site\/?post_type=product&#038;p=1657"},"modified":"2021-01-13T16:39:22","modified_gmt":"2021-01-13T16:39:22","slug":"fluido-combustivel-citrofire-de-citronela-500ml","status":"publish","type":"product","link":"https:\/\/botanik.com.br\/site\/?product=fluido-combustivel-citrofire-de-citronela-500ml","title":{"rendered":"Flu\u00eddo Combust\u00edvel Citrofire de Citronela 500ml"},"content":{"rendered":"<p>L\u00edquido combust\u00edvel a base de querosene inodora e ecologicamente correta enriquecida com \u00f3leo natural de Citronela.<br \/>\nExcelente repelente natural de insetos. Muito utilizado em feiras e eventos ao ar livre. \u00d3timo para festas e luais.<\/p>\n","protected":false},"excerpt":{"rendered":"<p>L\u00edquido combust\u00edvel a base de querosene inodora e ecologicamente correta enriquecida com \u00f3leo natural de Citronela. Excelente repelente natural de insetos. Muito utilizado em feiras e eventos ao ar livre. \u00d3timo para festas e luais.<\/p>\n","protected":false},"featured_media":1708,"template":"","meta":[],"_links":{"self":[{"href":"https:\/\/botanik.com.br\/site\/index.php?rest_route=\/wp\/v2\/product\/1657"}],"collection":[{"href":"https:\/\/botanik.com.br\/site\/index.php?rest_route=\/wp\/v2\/product"}],"about":[{"href":"https:\/\/botanik.com.br\/site\/index.php?rest_route=\/wp\/v2\/types\/product"}],"wp:featuredmedia":[{"embeddable":true,"href":"https:\/\/botanik.com.br\/site\/index.php?rest_route=\/wp\/v2\/media\/1708"}],"wp:attachment":[{"href":"https:\/\/botanik.com.br\/site\/index.php?rest_route=%2Fwp%2Fv2%2Fmedia&parent=1657"}],"curies":[{"name":"wp","href":"https:\/\/api.w.org\/{rel}","templated":true}]}}