{"id":1639,"date":"2017-05-16T16:46:41","date_gmt":"2017-05-16T16:46:41","guid":{"rendered":"http:\/\/botanik.com.br\/site\/?product=aromatizador-de-ambientes-spray-400ml-sunny-flowers"},"modified":"2021-01-13T14:51:31","modified_gmt":"2021-01-13T14:51:31","slug":"aromatizador-de-ambientes-spray-400ml-sunny-flowers","status":"publish","type":"product","link":"https:\/\/botanik.com.br\/site\/?product=aromatizador-de-ambientes-spray-400ml-sunny-flowers","title":{"rendered":"Aromatizador de Ambientes Spray 400ml Sunny Flowers"},"content":{"rendered":"<p>Aroma elegante com notas orientais. Afrodis\u00edaco. Deixa o ambiente mais harm\u00f4nico e aconchegante. Com Floral de Minas Lantana proporciona harmonia e equil\u00edbrio. <\/p>\n","protected":false},"excerpt":{"rendered":"<p>Aroma elegante com notas orientais. Afrodis\u00edaco. Deixa o ambiente mais harm\u00f4nico e aconchegante. Com Floral de Minas Lantana proporciona harmonia e equil\u00edbrio.<\/p>\n","protected":false},"featured_media":1640,"template":"","meta":[],"_links":{"self":[{"href":"https:\/\/botanik.com.br\/site\/index.php?rest_route=\/wp\/v2\/product\/1639"}],"collection":[{"href":"https:\/\/botanik.com.br\/site\/index.php?rest_route=\/wp\/v2\/product"}],"about":[{"href":"https:\/\/botanik.com.br\/site\/index.php?rest_route=\/wp\/v2\/types\/product"}],"wp:featuredmedia":[{"embeddable":true,"href":"https:\/\/botanik.com.br\/site\/index.php?rest_route=\/wp\/v2\/media\/1640"}],"wp:attachment":[{"href":"https:\/\/botanik.com.br\/site\/index.php?rest_route=%2Fwp%2Fv2%2Fmedia&parent=1639"}],"curies":[{"name":"wp","href":"https:\/\/api.w.org\/{rel}","templated":true}]}}