{"id":1630,"date":"2017-05-16T16:40:45","date_gmt":"2017-05-16T16:40:45","guid":{"rendered":"http:\/\/botanik.com.br\/site\/?product=aromatizador-de-ambientes-spray-400ml-bambu-e-cha-verde"},"modified":"2021-01-13T14:51:32","modified_gmt":"2021-01-13T14:51:32","slug":"aromatizador-de-ambientes-spray-400ml-bambu-e-cha-verde","status":"publish","type":"product","link":"https:\/\/botanik.com.br\/site\/?product=aromatizador-de-ambientes-spray-400ml-bambu-e-cha-verde","title":{"rendered":"Aromatizador de Ambientes Spray 400ml Bambu e Ch\u00e1 Verde"},"content":{"rendered":"<p>Aroma relaxante. \u00d3timo para elevar a auto estima e tornar o ambiente mais harm\u00f4nico. Com Floral de Minas Lantana proporciona harmonia e equil\u00edbrio. <\/p>\n","protected":false},"excerpt":{"rendered":"<p>Aroma relaxante. \u00d3timo para elevar a auto estima e tornar o ambiente mais harm\u00f4nico. Com Floral de Minas Lantana proporciona harmonia e equil\u00edbrio.<\/p>\n","protected":false},"featured_media":1631,"template":"","meta":[],"_links":{"self":[{"href":"https:\/\/botanik.com.br\/site\/index.php?rest_route=\/wp\/v2\/product\/1630"}],"collection":[{"href":"https:\/\/botanik.com.br\/site\/index.php?rest_route=\/wp\/v2\/product"}],"about":[{"href":"https:\/\/botanik.com.br\/site\/index.php?rest_route=\/wp\/v2\/types\/product"}],"wp:featuredmedia":[{"embeddable":true,"href":"https:\/\/botanik.com.br\/site\/index.php?rest_route=\/wp\/v2\/media\/1631"}],"wp:attachment":[{"href":"https:\/\/botanik.com.br\/site\/index.php?rest_route=%2Fwp%2Fv2%2Fmedia&parent=1630"}],"curies":[{"name":"wp","href":"https:\/\/api.w.org\/{rel}","templated":true}]}}