{"id":1626,"date":"2017-05-16T16:38:12","date_gmt":"2017-05-16T16:38:12","guid":{"rendered":"http:\/\/botanik.com.br\/site\/?post_type=product&#038;p=1626"},"modified":"2021-01-13T14:51:32","modified_gmt":"2021-01-13T14:51:32","slug":"aromatizador-de-ambientes-spray-400ml-alecrim-blue","status":"publish","type":"product","link":"https:\/\/botanik.com.br\/site\/?product=aromatizador-de-ambientes-spray-400ml-alecrim-blue","title":{"rendered":"Aromatizador de Ambientes Spray 400ml Alecrim Blue"},"content":{"rendered":"<p>Inspiradas em perfumarias finas, suas suaves notas d\u00e3o requinte e sofistica\u00e7\u00e3o ao ambiente. Ativa as vibra\u00e7\u00f5es energ\u00e9ticas do corpo, aumentando o sentido perceptivo. Acalma os estados de ansiedade. Proporcionando sensa\u00e7\u00e3o de bem-estar e relaxamento.<br \/>\nFragr\u00e2ncia de notas verdes e florais. Identidade olfativa &#8211; herbal lavanda floral musk. Harmonizador.<\/p>\n","protected":false},"excerpt":{"rendered":"<p>Inspiradas em perfumarias finas, suas suaves notas d\u00e3o requinte e sofistica\u00e7\u00e3o ao ambiente. Ativa as vibra\u00e7\u00f5es energ\u00e9ticas do corpo, aumentando o sentido perceptivo. Acalma os estados de ansiedade. Proporcionando sensa\u00e7\u00e3o de bem-estar e relaxamento. Fragr\u00e2ncia de notas verdes e florais. Identidade olfativa &#8211; herbal lavanda floral musk. Harmonizador.<\/p>\n","protected":false},"featured_media":1681,"template":"","meta":[],"_links":{"self":[{"href":"https:\/\/botanik.com.br\/site\/index.php?rest_route=\/wp\/v2\/product\/1626"}],"collection":[{"href":"https:\/\/botanik.com.br\/site\/index.php?rest_route=\/wp\/v2\/product"}],"about":[{"href":"https:\/\/botanik.com.br\/site\/index.php?rest_route=\/wp\/v2\/types\/product"}],"wp:featuredmedia":[{"embeddable":true,"href":"https:\/\/botanik.com.br\/site\/index.php?rest_route=\/wp\/v2\/media\/1681"}],"wp:attachment":[{"href":"https:\/\/botanik.com.br\/site\/index.php?rest_route=%2Fwp%2Fv2%2Fmedia&parent=1626"}],"curies":[{"name":"wp","href":"https:\/\/api.w.org\/{rel}","templated":true}]}}