{"id":1613,"date":"2017-05-16T16:20:04","date_gmt":"2017-05-16T16:20:04","guid":{"rendered":"http:\/\/botanik.com.br\/site\/?product=aromatizador-de-ambientes-100ml-transmutacao"},"modified":"2021-01-13T14:33:34","modified_gmt":"2021-01-13T14:33:34","slug":"aromatizador-de-ambientes-100ml-transmutacao","status":"publish","type":"product","link":"https:\/\/botanik.com.br\/site\/?product=aromatizador-de-ambientes-100ml-transmutacao","title":{"rendered":"Aromatizador de Ambientes Spray 100ml Transmuta\u00e7\u00e3o"},"content":{"rendered":"<p>As ess\u00eancias de ervas, cascas e flores energ\u00e9ticas que comp\u00f5em este aromatizador tem efeito direto sobre os corpos mais sutis do ser humano, elevando o seu padr\u00e3o vibrat\u00f3rio, transformando o que at\u00e9 ent\u00e3o se encontrava em desarmonia em estado total de equil\u00edbrio. Elaborado com as ess\u00eancias de Lavanda, Jasmim, Lim\u00e3o, Ma\u00e7\u00e3-Verde, Mirra, Patchouly e Violeta. Potencializado com Floral de Minas Leonotis que permite encontrar os aspectos positivos e bons de cada prova\u00e7\u00e3o. Busca no \u00edntimo a for\u00e7a, coragem e autoconfian\u00e7a.<br \/>\nNotas florais amadeiradas comp\u00f5em a fragr\u00e2ncia deste aromatizador. Floral, frutal, harmonizador.<\/p>\n","protected":false},"excerpt":{"rendered":"<p>As ess\u00eancias de ervas, cascas e flores energ\u00e9ticas que comp\u00f5em este aromatizador tem efeito direto sobre os corpos mais sutis do ser humano, elevando o seu padr\u00e3o vibrat\u00f3rio, transformando o que at\u00e9 ent\u00e3o se encontrava em desarmonia em estado total de equil\u00edbrio. Elaborado com as ess\u00eancias de Lavanda, Jasmim, Lim\u00e3o, Ma\u00e7\u00e3-Verde, Mirra, Patchouly e Violeta. [&hellip;]<\/p>\n","protected":false},"featured_media":1682,"template":"","meta":[],"_links":{"self":[{"href":"https:\/\/botanik.com.br\/site\/index.php?rest_route=\/wp\/v2\/product\/1613"}],"collection":[{"href":"https:\/\/botanik.com.br\/site\/index.php?rest_route=\/wp\/v2\/product"}],"about":[{"href":"https:\/\/botanik.com.br\/site\/index.php?rest_route=\/wp\/v2\/types\/product"}],"wp:featuredmedia":[{"embeddable":true,"href":"https:\/\/botanik.com.br\/site\/index.php?rest_route=\/wp\/v2\/media\/1682"}],"wp:attachment":[{"href":"https:\/\/botanik.com.br\/site\/index.php?rest_route=%2Fwp%2Fv2%2Fmedia&parent=1613"}],"curies":[{"name":"wp","href":"https:\/\/api.w.org\/{rel}","templated":true}]}}