{"id":1611,"date":"2017-05-16T16:18:17","date_gmt":"2017-05-16T16:18:17","guid":{"rendered":"http:\/\/botanik.com.br\/site\/?product=aromatizador-de-ambientes-100ml-restaurador-da-aura"},"modified":"2021-01-13T14:33:43","modified_gmt":"2021-01-13T14:33:43","slug":"aromatizador-de-ambientes-100ml-restaurador-da-aura","status":"publish","type":"product","link":"https:\/\/botanik.com.br\/site\/?product=aromatizador-de-ambientes-100ml-restaurador-da-aura","title":{"rendered":"Aromatizador de Ambientes Spray 100ml Restaurador da Aura"},"content":{"rendered":"<p>Uni\u00e3o das ess\u00eancias Alecrim, Alfazema, Arruda, Capim-Lim\u00e3o, Eucalipto, Hortel\u00e3 e Lim\u00e3o. Este aromatizador tem como finalidade restabelecer os padr\u00f5es de energia do corpo e purificar o ambiente. Elaborado com Floral de Minas Villaresia que incentiva o cultivo de uma vis\u00e3o de vida correta, elevada, onde se substitui a indiferen\u00e7a ou materialismo pelo entusiasmo espiritual. Participa\u00e7\u00e3o amorosa do ser no processo de cura.<br \/>\nCombina\u00e7\u00e3o de sete ess\u00eancias de ervas, cascas e ra\u00edzes com predomin\u00e2ncia de notas c\u00edtricas. C\u00edtrico harmonizador e revigorante.<\/p>\n","protected":false},"excerpt":{"rendered":"<p>Uni\u00e3o das ess\u00eancias Alecrim, Alfazema, Arruda, Capim-Lim\u00e3o, Eucalipto, Hortel\u00e3 e Lim\u00e3o. Este aromatizador tem como finalidade restabelecer os padr\u00f5es de energia do corpo e purificar o ambiente. Elaborado com Floral de Minas Villaresia que incentiva o cultivo de uma vis\u00e3o de vida correta, elevada, onde se substitui a indiferen\u00e7a ou materialismo pelo entusiasmo espiritual. Participa\u00e7\u00e3o [&hellip;]<\/p>\n","protected":false},"featured_media":1612,"template":"","meta":[],"_links":{"self":[{"href":"https:\/\/botanik.com.br\/site\/index.php?rest_route=\/wp\/v2\/product\/1611"}],"collection":[{"href":"https:\/\/botanik.com.br\/site\/index.php?rest_route=\/wp\/v2\/product"}],"about":[{"href":"https:\/\/botanik.com.br\/site\/index.php?rest_route=\/wp\/v2\/types\/product"}],"wp:featuredmedia":[{"embeddable":true,"href":"https:\/\/botanik.com.br\/site\/index.php?rest_route=\/wp\/v2\/media\/1612"}],"wp:attachment":[{"href":"https:\/\/botanik.com.br\/site\/index.php?rest_route=%2Fwp%2Fv2%2Fmedia&parent=1611"}],"curies":[{"name":"wp","href":"https:\/\/api.w.org\/{rel}","templated":true}]}}