{"id":1605,"date":"2017-05-16T14:57:09","date_gmt":"2017-05-16T14:57:09","guid":{"rendered":"http:\/\/botanik.com.br\/site\/?product=aromatizador-de-ambientes-100ml-flor-de-pitanga"},"modified":"2021-01-13T14:34:09","modified_gmt":"2021-01-13T14:34:09","slug":"aromatizador-de-ambientes-100ml-flor-de-pitanga","status":"publish","type":"product","link":"https:\/\/botanik.com.br\/site\/?product=aromatizador-de-ambientes-100ml-flor-de-pitanga","title":{"rendered":"Aromatizador de Ambientes Spray 100ml Flor de Pitanga"},"content":{"rendered":"<p>A combina\u00e7\u00e3o da ess\u00eancia Flor de Pitanga e o Floral Leonotis auxilia no fortalecimento da individualidade, bloqueando as perdas energ\u00e9ticas. Favorece a liberdade de express\u00e3o. Floral de Minas Leonotis busca encontrar os aspectos positivos e bons de cada prova\u00e7\u00e3o. Conex\u00e3o com as reservas internas de for\u00e7a, coragem e autoconfian\u00e7a. Sublima\u00e7\u00e3o das energias negativas do medo, p\u00e2nico, inseguran\u00e7a e d\u00favidas.<br \/>\nCom notas florais, traz como caracter\u00edstica o aroma silvestre da Pitanga. Floral afrodis\u00edaco.<\/p>\n","protected":false},"excerpt":{"rendered":"<p>A combina\u00e7\u00e3o da ess\u00eancia Flor de Pitanga e o Floral Leonotis auxilia no fortalecimento da individualidade, bloqueando as perdas energ\u00e9ticas. Favorece a liberdade de express\u00e3o. Floral de Minas Leonotis busca encontrar os aspectos positivos e bons de cada prova\u00e7\u00e3o. Conex\u00e3o com as reservas internas de for\u00e7a, coragem e autoconfian\u00e7a. Sublima\u00e7\u00e3o das energias negativas do medo, [&hellip;]<\/p>\n","protected":false},"featured_media":1606,"template":"","meta":[],"_links":{"self":[{"href":"https:\/\/botanik.com.br\/site\/index.php?rest_route=\/wp\/v2\/product\/1605"}],"collection":[{"href":"https:\/\/botanik.com.br\/site\/index.php?rest_route=\/wp\/v2\/product"}],"about":[{"href":"https:\/\/botanik.com.br\/site\/index.php?rest_route=\/wp\/v2\/types\/product"}],"wp:featuredmedia":[{"embeddable":true,"href":"https:\/\/botanik.com.br\/site\/index.php?rest_route=\/wp\/v2\/media\/1606"}],"wp:attachment":[{"href":"https:\/\/botanik.com.br\/site\/index.php?rest_route=%2Fwp%2Fv2%2Fmedia&parent=1605"}],"curies":[{"name":"wp","href":"https:\/\/api.w.org\/{rel}","templated":true}]}}