{"id":1593,"date":"2017-05-16T14:45:15","date_gmt":"2017-05-16T14:45:15","guid":{"rendered":"http:\/\/botanik.com.br\/site\/?post_type=product&#038;p=1593"},"modified":"2021-01-13T14:51:34","modified_gmt":"2021-01-13T14:51:34","slug":"aromatizador-de-ambientes-100ml-absinto","status":"publish","type":"product","link":"https:\/\/botanik.com.br\/site\/?product=aromatizador-de-ambientes-100ml-absinto","title":{"rendered":"Aromatizador de Ambientes Spray 100ml Absinto"},"content":{"rendered":"<p>Desperta os sentidos para o prazer e a sensualidade. Sinta o clima de sedu\u00e7\u00e3o no ar com este aromatizador elaborado com ess\u00eancia de Absinto e a energia da pedra \u00c1gata Vermelha. Cont\u00e9m o Floral de Minas Hibiscus que ajuda na busca da sincroniza\u00e7\u00e3o vibracional entre os parceiros e a usufruir do enorme potencial criativo latente nas polaridades em harmonia.<br \/>\nFragr\u00e2ncia inspirada em uma planta origin\u00e1ria da Europa. Possui caracter\u00edsticas fortes e vibrantes. Floral afrodis\u00edaco.<\/p>\n","protected":false},"excerpt":{"rendered":"<p>Desperta os sentidos para o prazer e a sensualidade. Sinta o clima de sedu\u00e7\u00e3o no ar com este aromatizador elaborado com ess\u00eancia de Absinto e a energia da pedra \u00c1gata Vermelha. Cont\u00e9m o Floral de Minas Hibiscus que ajuda na busca da sincroniza\u00e7\u00e3o vibracional entre os parceiros e a usufruir do enorme potencial criativo latente [&hellip;]<\/p>\n","protected":false},"featured_media":1594,"template":"","meta":[],"_links":{"self":[{"href":"https:\/\/botanik.com.br\/site\/index.php?rest_route=\/wp\/v2\/product\/1593"}],"collection":[{"href":"https:\/\/botanik.com.br\/site\/index.php?rest_route=\/wp\/v2\/product"}],"about":[{"href":"https:\/\/botanik.com.br\/site\/index.php?rest_route=\/wp\/v2\/types\/product"}],"wp:featuredmedia":[{"embeddable":true,"href":"https:\/\/botanik.com.br\/site\/index.php?rest_route=\/wp\/v2\/media\/1594"}],"wp:attachment":[{"href":"https:\/\/botanik.com.br\/site\/index.php?rest_route=%2Fwp%2Fv2%2Fmedia&parent=1593"}],"curies":[{"name":"wp","href":"https:\/\/api.w.org\/{rel}","templated":true}]}}