{"id":1547,"date":"2017-05-11T19:06:29","date_gmt":"2017-05-11T19:06:29","guid":{"rendered":"http:\/\/botanik.com.br\/site\/?product=essencia-pura-11ml-cha-verde-bambu"},"modified":"2021-01-13T16:48:26","modified_gmt":"2021-01-13T16:48:26","slug":"essencia-pura-11ml-cha-verde-bambu","status":"publish","type":"product","link":"https:\/\/botanik.com.br\/site\/?product=essencia-pura-11ml-cha-verde-bambu","title":{"rendered":"Ess\u00eancia Pura 11ml &#8211; Ch\u00e1 Verde &amp; Bamb\u00fa"},"content":{"rendered":"","protected":false},"excerpt":{"rendered":"","protected":false},"featured_media":1536,"template":"","meta":[],"_links":{"self":[{"href":"https:\/\/botanik.com.br\/site\/index.php?rest_route=\/wp\/v2\/product\/1547"}],"collection":[{"href":"https:\/\/botanik.com.br\/site\/index.php?rest_route=\/wp\/v2\/product"}],"about":[{"href":"https:\/\/botanik.com.br\/site\/index.php?rest_route=\/wp\/v2\/types\/product"}],"wp:featuredmedia":[{"embeddable":true,"href":"https:\/\/botanik.com.br\/site\/index.php?rest_route=\/wp\/v2\/media\/1536"}],"wp:attachment":[{"href":"https:\/\/botanik.com.br\/site\/index.php?rest_route=%2Fwp%2Fv2%2Fmedia&parent=1547"}],"curies":[{"name":"wp","href":"https:\/\/api.w.org\/{rel}","templated":true}]}}