{"id":1335,"date":"2017-05-03T19:51:48","date_gmt":"2017-05-03T19:51:48","guid":{"rendered":"http:\/\/botanik.com.br\/site\/?post_type=product&#038;p=1335"},"modified":"2021-01-13T16:35:42","modified_gmt":"2021-01-13T16:35:42","slug":"locao-corporal-gojiberry","status":"publish","type":"product","link":"https:\/\/botanik.com.br\/site\/?product=locao-corporal-gojiberry","title":{"rendered":"Lo\u00e7\u00e3o Corporal Gojiberry 150g"},"content":{"rendered":"","protected":false},"excerpt":{"rendered":"<p>A Lo\u00e7\u00e3o Goji Berry foi desenvolvida com ativos que proporcionam nutri\u00e7\u00e3o, repara\u00e7\u00e3o e hidrata\u00e7\u00e3o profunda \u00e0 pele, com excelente a\u00e7\u00e3o antioxidante e antipolui\u00e7\u00e3o. Ideal para uso di\u00e1rio, quando a pele est\u00e1 exposta a polui\u00e7\u00e3o e agentes externos. \u00d3tima espalhabilidade. Produto Vegano.<\/p>\n","protected":false},"featured_media":1779,"template":"","meta":[],"_links":{"self":[{"href":"https:\/\/botanik.com.br\/site\/index.php?rest_route=\/wp\/v2\/product\/1335"}],"collection":[{"href":"https:\/\/botanik.com.br\/site\/index.php?rest_route=\/wp\/v2\/product"}],"about":[{"href":"https:\/\/botanik.com.br\/site\/index.php?rest_route=\/wp\/v2\/types\/product"}],"wp:featuredmedia":[{"embeddable":true,"href":"https:\/\/botanik.com.br\/site\/index.php?rest_route=\/wp\/v2\/media\/1779"}],"wp:attachment":[{"href":"https:\/\/botanik.com.br\/site\/index.php?rest_route=%2Fwp%2Fv2%2Fmedia&parent=1335"}],"curies":[{"name":"wp","href":"https:\/\/api.w.org\/{rel}","templated":true}]}}