{"id":115,"date":"2016-04-06T17:28:22","date_gmt":"2016-04-06T17:28:22","guid":{"rendered":"http:\/\/localhost:8888\/botanik\/?post_type=product&#038;p=115"},"modified":"2021-01-13T16:35:43","modified_gmt":"2021-01-13T16:35:43","slug":"tonico-fitoenergizante","status":"publish","type":"product","link":"https:\/\/botanik.com.br\/site\/?product=tonico-fitoenergizante","title":{"rendered":"Serum Fitoenergizante 60ml"},"content":{"rendered":"","protected":false},"excerpt":{"rendered":"<p>Produto antioxidante e antipolui\u00e7\u00e3o formulado com extrato de lim\u00e3o, uva e laranja vermelha.<\/p>\n","protected":false},"featured_media":1736,"template":"","meta":[],"_links":{"self":[{"href":"https:\/\/botanik.com.br\/site\/index.php?rest_route=\/wp\/v2\/product\/115"}],"collection":[{"href":"https:\/\/botanik.com.br\/site\/index.php?rest_route=\/wp\/v2\/product"}],"about":[{"href":"https:\/\/botanik.com.br\/site\/index.php?rest_route=\/wp\/v2\/types\/product"}],"wp:featuredmedia":[{"embeddable":true,"href":"https:\/\/botanik.com.br\/site\/index.php?rest_route=\/wp\/v2\/media\/1736"}],"wp:attachment":[{"href":"https:\/\/botanik.com.br\/site\/index.php?rest_route=%2Fwp%2Fv2%2Fmedia&parent=115"}],"curies":[{"name":"wp","href":"https:\/\/api.w.org\/{rel}","templated":true}]}}