{"id":114,"date":"2016-04-06T17:27:20","date_gmt":"2016-04-06T17:27:20","guid":{"rendered":"http:\/\/localhost:8888\/botanik\/?post_type=product&#038;p=114"},"modified":"2021-01-13T16:35:43","modified_gmt":"2021-01-13T16:35:43","slug":"tonico-fortificante","status":"publish","type":"product","link":"https:\/\/botanik.com.br\/site\/?product=tonico-fortificante","title":{"rendered":"Serum Fortificante 60ml"},"content":{"rendered":"","protected":false},"excerpt":{"rendered":"<p>Desenvolvido para fortificar os cabelos da raiz at\u00e9 as pontas. Cont\u00e9m minerais e amino\u00e1cidos como prote\u00edna de soja e arroz. Al\u00e9m disso possui vitamina B5-Pantenol e Biotina.<\/p>\n","protected":false},"featured_media":1735,"template":"","meta":[],"_links":{"self":[{"href":"https:\/\/botanik.com.br\/site\/index.php?rest_route=\/wp\/v2\/product\/114"}],"collection":[{"href":"https:\/\/botanik.com.br\/site\/index.php?rest_route=\/wp\/v2\/product"}],"about":[{"href":"https:\/\/botanik.com.br\/site\/index.php?rest_route=\/wp\/v2\/types\/product"}],"wp:featuredmedia":[{"embeddable":true,"href":"https:\/\/botanik.com.br\/site\/index.php?rest_route=\/wp\/v2\/media\/1735"}],"wp:attachment":[{"href":"https:\/\/botanik.com.br\/site\/index.php?rest_route=%2Fwp%2Fv2%2Fmedia&parent=114"}],"curies":[{"name":"wp","href":"https:\/\/api.w.org\/{rel}","templated":true}]}}